 is 3858 - -4?
3860
In base 11, what is 17a8 - 2?
17a6
In base 12, what is -31 - -21?
-10
In base 11, what is 3 - 235?
-232
In base 13, what is -61 - 14?
-75
In base 14, what is -c - 25?
-33
In base 3, what is 10122 + -1100?
2022
In base 12, what is 5a5 - -4?
5a9
In base 4, what is -1001 - -10?
-331
In base 11, what is 5 + 41?
46
In base 3, what is 1100002 + 0?
1100002
In base 10, what is 1192 + 0?
1192
In base 7, what is -13256 + 4?
-13252
In base 14, what is -2 - 32?
-34
In base 16, what is f23 - 1?
f22
In base 14, what is 586 + 3?
589
In base 7, what is 5 + 354?
362
In base 6, what is 10121 + 10?
10131
In base 13, what is 5 - 189b?
-1896
In base 7, what is -4 + 254?
250
In base 10, what is -16057 - -4?
-16053
In base 5, what is -130411 + -4?
-130420
In base 8, what is 12545 - -2?
12547
In base 12, what is 1a6 + -6?
1a0
In base 11, what is 64 + -5?
5a
In base 7, what is -105 + 34?
-41
In base 14, what is -2 + a8?
a6
In base 14, what is -6 + -7?
-d
In base 12, what is 4 - -2b9?
301
In base 16, what is 13a3 + -1?
13a2
In base 8, what is -1 - -102?
101
In base 4, what is -131220 + 2?
-131212
In base 16, what is -1d + -5?
-22
In base 9, what is 12 + -2?
10
In base 5, what is 3240 - -4?
3244
In base 13, what is -18 + -16?
-31
In base 13, what is -131a - 1?
-131b
In base 8, what is -25763 - -5?
-25756
In base 13, what is 2 - -2044?
2046
In base 2, what is -10100 - 1010110001?
-1011000101
In base 5, what is -102 + 101?
-1
In base 13, what is 1 - -363?
364
In base 4, what is 20 - -100?
120
In base 7, what is -25 - 506?
-534
In base 5, what is -14 + -23?
-42
In base 9, what is 1664 + -2?
1662
In base 15, what is 0 - 4d?
-4d
In base 4, what is -11313 + 1?
-11312
In base 3, what is 2 - 100112?
-100110
In base 4, what is 200 + 233?
1033
In base 14, what is 5 - -ac?
b3
In base 12, what is 2 + -10?
-a
In base 15, what is 2b - 6?
25
In base 7, what is 10 - 4166?
-4156
In base 8, what is -3 - 6?
-11
In base 15, what is 1a6 + 1?
1a7
In base 12, what is -5 + 2a?
25
In base 6, what is 52 + 245?
341
In base 6, what is 15 - 10?
5
In base 5, what is -40 + 333?
243
In base 2, what is -101110111100 - 11?
-101110111111
In base 15, what is 0 - -b?
b
In base 14, what is 2 + 87?
89
In base 9, what is -18553 - 0?
-18553
In base 14, what is 0 - 1aa?
-1aa
In base 5, what is 10 + 143?
203
In base 5, what is -1 + 333?
332
In base 13, what is 7289 + 5?
7291
In base 11, what is 791 + -1?
790
In base 5, what is 1041 + 3?
1044
In base 2, what is -101010 - 10?
-101100
In base 7, what is -5 - -1033?
1025
In base 16, what is -3 - -287?
284
In base 15, what is -26 + 81?
5a
In base 5, what is -23000 - -1?
-22444
In base 3, what is 1100 - 12011?
-10211
In base 3, what is -11201 + -1221?
-20122
In base 7, what is 11 - -104?
115
In base 11, what is 21a - 4?
216
In base 10, what is -855 + 3?
-852
In base 6, what is -4 + 5?
1
In base 14, what is 41 + 132?
173
In base 6, what is 24351 - 1?
24350
In base 3, what is 1012 + -20010?
-11221
In base 16, what is a6 - 4?
a2
In base 6, what is -21 - 23?
-44
In base 13, what is -3 - 10?
-13
In base 3, what is 20 + -110?
-20
In base 16, what is 80c + -1?
80b
In base 4, what is 1 - 223?
-222
In base 16, what is e - 57?
-49
In base 11, what is 47713 - -4?
47717
In base 3, what is 12 + 12010?
12022
In base 10, what is -2 - -219?
217
In base 9, what is 3 + 51?
54
In base 14, what is 5b + b?
68
In base 12, what is -1 + -139?
-13a
In base 9, what is 0 - 130?
-130
In base 2, what is -100 - -1001000?
1000100
In base 15, what is 3 - -95?
98
In base 2, what is -110110100101 + 101?
-110110100000
In base 10, what is -3 - 5?
-8
In base 2, what is -1010000101010 - 1?
-1010000101011
In base 3, what is -1 + -112?
-120
In base 12, what is -1 - -b1?
b0
In base 11, what is 4 - 56?
-52
In base 13, what is -2c + -6?
-35
In base 15, what is 3 + 22bd?
22c1
In base 11, what is 2 - -1059?
1060
In base 4, what is -12210 - -13?
-12131
In base 6, what is -1 + -4144?
-4145
In base 5, what is -2013 - 3?
-2021
In base 9, what is 460 - 3?
456
In base 9, what is -5681 + -1?
-5682
In base 6, what is -15 + 123?
104
In base 13, what is 6 + -15?
-c
In base 10, what is -7 - -156?
149
In base 2, what is -11 - 100000?
-100011
In base 5, what is 0 + -1131?
-1131
In base 13, what is -21 + 396?
375
In base 7, what is 123153 - -1?
123154
In base 14, what is 1 - 81?
-80
In base 2, what is -1101110 - 101?
-1110011
In base 3, what is 10 - -10110?
10120
In base 3, what is -22001002 - 12?
-22001021
In base 15, what is 4 + -a2?
-9d
In base 2, what is -110111000 - -1111?
-110101001
In base 4, what is 11 + 20?
31
In base 3, what is 2221 - 202?
2012
In base 8, what is -12 - -32?
20
In base 4, what is 23 - -21?
110
In base 16, what is 4 + 1e?
22
In base 13, what is -6c - 146?
-1b5
In base 6, what is -4 + -243?
-251
In base 12, what is -11 + -5?
-16
In base 14, what is -31 + 7?
-28
In base 6, what is 13523 - -2?
13525
In base 2, what is -111 + -10010?
-11001
In base 13, what is -22 - 3?
-25
In base 14, what is 1 + 20?
21
In base 6, what is 110 - 31?
35
In base 12, what is -3 - -96?
93
In base 15, what is -45 + -a?
-50
In base 14, what is -26 - -134?
10c
In base 11, what is -1 + -356?
-357
In base 5, what is 2 + 130322?
130324
In base 9, what is -383 + 3?
-380
In base 14, what is 3 + 1?
4
In base 5, what is 2 + 4404?
4411
In base 16, what is 0 + b?
b
In base 2, what is -111 + -101?
-1100
In base 5, what is -2 + -1113?
-1120
In base 2, what is 101101100 - 1011?
101100001
In base 10, what is 15 - -3?
18
In base 11, what is -518a - 1?
-5190
In base 7, what is 22 - -3?
25
In base 16, what is -1ad + 1?
-1ac
In base 8, what is 57 - 47?
10
In base 5, what is -100122 - 4?
-100131
In base 9, what is 10 + 58?
68
In base 13, what is 1262 + 4?
1266
In base 2, what is 100 + 10101?
11001
In base 12, what is 1b + 1a?
39
In base 5, what is -14 + 423?
404
In base 2, what is 10 - 111?
-101
In base 5, what is 2 - -31302?
31304
In base 15, what is -19 - -10?
-9
In base 9, what is -8860 - 4?
-8864
In base 11, what is 0 - -89?
89
In base 12, what is 4 - -28?
30
In base 2, what is 10 + 100101111110?
100110000000
In base 10, what is 436 + 5?
441
In base 11, what is -129 - -1?
-128
In base 8, what is 477 + -3?
474
In base 12, what is 4 - 11?
-9
In base 11, what is 1 - -306?
307
In base 11, what is -36 - -a3?
68
In base 2, what is 101111 + 1?
110000
In base 3, what is 12121020 - 1?
12121012
In base 9, what is -3 - 136?
-140
In base 11, what is 24 + -4?
20
In base 10, what is -314 + -2?
-316
In base 9, what is 3372 - -3?
3375
In base 6, what is -5 - -55010?
55001
In base 7, what is -565 + 1?
-564
In base 13, what is -8 - -435?
42a
In base 8, what is 10 - 304?
-274
In base 8, what is 3 + -16437?
-16434
In base 15, what is -2 + 21a?
218
In base 13, what is 141 + -8?
136
In base 16, what is -108 + c?
-fc
In base 5, what is -21 - -30?
4
In base 14, what is -4 - 0?
-4
In base 7, what is 124 + 1?
125
In base 13, what is 36b + -2?
369
In base 9, what is 1 - -21?
22
In base 7, what is -12 + 0?
-12
In base 4, what is -11333 + 13?
-11320
In base 7, what is -2144 + -2?
-2146
In base 2, what is 10100 - -10?
10110
In base 15, what is 6 + d6c?
d73
In base 13, what is -4 - 76?
-7a
In base 2, what is 10 - -1001011?
1001101
In base 8, what is -265 - 2?
-267
In base 13, what is -22 + 0?
-22
In base 10, what is -4 + 106?
102
In base 11, what is 3 + 2762?
2765
In base 9, what is -66 + 0?
-66
In base 16, what is 390 + 3?
393
In base 8, what is 0 + -1662?
-1662
In base 2, what is 0 + -10001?
-10001
In base 7, what is 3 - 20504?
-20501
In base 10, what is -1590 + -3?
-1593
In base 9, what is 2450 - -17?
2467
In base 10, what is -1 - 611?
-612
In base 15, what is -15 - -4d?
38
In base 16, what is -12 + 39?
27
In base 4, what is -203 - -30322?
30113
In base 6, what is -515 - 4?
-523
In base 5, what is -10 - 3141?
-3201
In base 2, what is -100 + 1011101?
1011001
In base 14, what is -23 - -86?
63
In base 5, what is -4 - 2?
-11
In base 6, what is 124 + -4?
120
In base 14, what is 108 + 26?
130
In base 2, what is -111100 - -101001?
-10011
In base 6, what is 23314 + -3?
23311
In base 13, what is -33 - -3?
-30
In base 11, what is 17802 + 4?
17806
In base 7, what is 3 + 1665?
2001
In base 8, what is 145 - 34?
111
In base 14, what is 8 + 78?
82
In base 3, wh